{"id":3195,"date":"2022-06-28T21:54:13","date_gmt":"2022-06-28T20:54:13","guid":{"rendered":"https:\/\/sch\u00fctzen-boppard.de\/?page_id=3195"},"modified":"2025-05-28T19:06:45","modified_gmt":"2025-05-28T18:06:45","slug":"wpuf-preview","status":"publish","type":"page","link":"https:\/\/sch\u00fctzen-boppard.de\/?page_id=3195","title":{"rendered":"Chat-inaktiv"},"content":{"rendered":"\t\t<div data-elementor-type=\"wp-page\" data-elementor-id=\"3195\" class=\"elementor elementor-3195\">\n\t\t\t\t\t\t<section class=\"elementor-section elementor-top-section elementor-element elementor-element-8ddf079 elementor-section-boxed elementor-section-height-default elementor-section-height-default\" data-id=\"8ddf079\" data-element_type=\"section\" data-e-type=\"section\">\n\t\t\t\t\t\t<div class=\"elementor-container elementor-column-gap-default\">\n\t\t\t\t\t<div class=\"elementor-column elementor-col-100 elementor-top-column elementor-element elementor-element-f5e52ff\" data-id=\"f5e52ff\" data-element_type=\"column\" data-e-type=\"column\">\n\t\t\t<div class=\"elementor-widget-wrap elementor-element-populated\">\n\t\t\t\t\t\t<div class=\"elementor-element elementor-element-9e8c6c3 elementor-widget elementor-widget-spacer\" data-id=\"9e8c6c3\" data-element_type=\"widget\" data-e-type=\"widget\" data-widget_type=\"spacer.default\">\n\t\t\t\t<div class=\"elementor-widget-container\">\n\t\t\t\t\t\t\t<div class=\"elementor-spacer\">\n\t\t\t<div class=\"elementor-spacer-inner\"><\/div>\n\t\t<\/div>\n\t\t\t\t\t\t<\/div>\n\t\t\t\t<\/div>\n\t\t\t\t<div class=\"elementor-element elementor-element-c4b98d7 elementor-widget elementor-widget-heading\" data-id=\"c4b98d7\" data-element_type=\"widget\" data-e-type=\"widget\" data-widget_type=\"heading.default\">\n\t\t\t\t<div class=\"elementor-widget-container\">\n\t\t\t\t\t<h2 class=\"elementor-heading-title elementor-size-default\">Chat<\/h2>\t\t\t\t<\/div>\n\t\t\t\t<\/div>\n\t\t\t\t<div class=\"elementor-element elementor-element-dc7ca2b elementor-widget elementor-widget-spacer\" data-id=\"dc7ca2b\" data-element_type=\"widget\" data-e-type=\"widget\" data-widget_type=\"spacer.default\">\n\t\t\t\t<div class=\"elementor-widget-container\">\n\t\t\t\t\t\t\t<div class=\"elementor-spacer\">\n\t\t\t<div class=\"elementor-spacer-inner\"><\/div>\n\t\t<\/div>\n\t\t\t\t\t\t<\/div>\n\t\t\t\t<\/div>\n\t\t\t\t<div class=\"elementor-element elementor-element-539680b elementor-widget elementor-widget-shortcode\" data-id=\"539680b\" data-element_type=\"widget\" data-e-type=\"widget\" data-widget_type=\"shortcode.default\">\n\t\t\t\t<div class=\"elementor-widget-container\">\n\t\t\t\t\t\t\t<div class=\"elementor-shortcode\"><div id=\"simple-ajax-chat\"><div id=\"sac-content\"><\/div><div id=\"sac-output\"><div id=\"sac-latest-message\"><span>Latest Message:<\/span> <em id=\"responseTime\">2 years, 5 months ago<\/em><\/div>\n<ul id=\"sac-messages\">\n<li class=\"sac-chat-message sac-static sac-user-TheAdmin\" data-time=\"2022-06-29,17:40:31\">\n<span class=\"sac-chat-name\" title=\"Posted 3 years, 10 months ago\"><a rel=\"external nofollow\" href=\"https:\/\/sch\u00fctzen-boppard.de\">The Admin<\/a> : <\/span>  Hallo. Hier k\u00f6nnt ihr euch austauschen \u00fcber Themen wie z.B wer aktuell den Koffer hat. Bitte nutzt aus Datenschutzgr\u00fcnden nur euren Vornamen.<\/li>\n<li class=\"sac-chat-message sac-static sac-user-Hermann\" data-time=\"2022-07-25,09:20:24\">\n<span class=\"sac-chat-name\" title=\"Posted 3 years, 9 months ago\">Hermann : <\/span>  Der Koffer f\u00fcr die Aufsicht befindet sich bei mir<\/li>\n<li class=\"sac-chat-message sac-static sac-user-Hermann\" data-time=\"2022-07-31,11:35:12\">\n<span class=\"sac-chat-name\" title=\"Posted 3 years, 9 months ago\">Hermann : <\/span>  Stand:Der Koffer f\u00fcr die Aufsicht befindet sich bei mir<\/li>\n<li class=\"sac-chat-message sac-static sac-user-Hermann\" data-time=\"2022-07-31,11:35:45\">\n<span class=\"sac-chat-name\" title=\"Posted 3 years, 9 months ago\">Hermann : <\/span>  Stand: Der Koffer f\u00fcr die Aufsicht befindet sich bei mir<\/li>\n<li class=\"sac-chat-message sac-static sac-user-Hermann\" data-time=\"2022-08-01,16:05:27\">\n<span class=\"sac-chat-name\" title=\"Posted 3 years, 9 months ago\">Hermann : <\/span>  Stand: 01.08.2022. Der Koffer f\u00fcr die Aufsicht befindet sich bei mir.<\/li>\n<li class=\"sac-chat-message sac-static sac-user-Hermann\" data-time=\"2022-08-19,16:52:04\">\n<span class=\"sac-chat-name\" title=\"Posted 3 years, 8 months ago\">Hermann : <\/span>  Stand: 13.08.2022. Der Koffer f\u00fcr die Aufsicht befindet sich bei Matthias Laux, er bringt ihn am 28.08.2022 mit zum Kurzwaffentraining.<\/li>\n<li class=\"sac-chat-message sac-static sac-user-Hermann\" data-time=\"2022-08-29,11:13:57\">\n<span class=\"sac-chat-name\" title=\"Posted 3 years, 8 months ago\">Hermann : <\/span>  Stand: 29.08.2022. Der Koffer f\u00fcr die Aufsicht befindet sich bei Matthias Laux, er bringt ihn am 10.09.2022 mit zum Langwaffentraining.<\/li>\n<li class=\"sac-chat-message sac-static sac-user-HillH\" data-time=\"2022-09-21,18:25:19\">\n<span class=\"sac-chat-name\" title=\"Posted 3 years, 7 months ago\">Hill H : <\/span>  Stand : 21.09.2022 \/ Koffer bei mir - Schie\u00dfleiter am 25.09.2022<\/li>\n<li class=\"sac-chat-message sac-static sac-user-DonaldDuc\" data-time=\"2022-10-04,06:26:03\">\n<span class=\"sac-chat-name\" title=\"Posted 3 years, 7 months ago\">Donald Duc : <\/span>  Stand: 03.10.2022. Koffer bei K.H.W.<\/li>\n<li class=\"sac-chat-message sac-static sac-user-Hermann\" data-time=\"2022-10-25,08:40:57\">\n<span class=\"sac-chat-name\" title=\"Posted 3 years, 6 months ago\">Hermann : <\/span>  Der Koffer ist bei mir. 24.10.2022<\/li>\n<li class=\"sac-chat-message sac-static sac-user-Hill\" data-time=\"2022-12-01,18:27:40\">\n<span class=\"sac-chat-name\" title=\"Posted 3 years, 5 months ago\">Hill : <\/span>  Der Koffer ist bei mir \/ 27.11.2022<\/li>\n<li class=\"sac-chat-message sac-static sac-user-guest3665\" data-time=\"2023-01-06,15:39:33\">\n<span class=\"sac-chat-name\" title=\"Posted 3 years, 4 months ago\">guest_3665 : <\/span>  Der Koffer ist bei mir. 24.12.2022<\/li>\n<li class=\"sac-chat-message sac-static sac-user-Hermann\" data-time=\"2023-01-06,15:39:48\">\n<span class=\"sac-chat-name\" title=\"Posted 3 years, 4 months ago\">Hermann : <\/span>  Der Koffer ist bei mir. 24.12.2022<\/li>\n<li class=\"sac-chat-message sac-static sac-user-Sebastian\" data-time=\"2023-01-16,11:56:13\">\n<span class=\"sac-chat-name\" title=\"Posted 3 years, 3 months ago\">Sebastian : <\/span>  Der Koffer ist bei mir; 18.01.2023<\/li>\n<li class=\"sac-chat-message sac-static sac-user-Hermann\" data-time=\"2023-02-03,12:31:11\">\n<span class=\"sac-chat-name\" title=\"Posted 3 years, 3 months ago\">Hermann : <\/span>  Der Koffer ist bei mir; 03.02.2023<\/li>\n<li class=\"sac-chat-message sac-static sac-user-guest8056\" data-time=\"2023-04-24,15:28:51\">\n<span class=\"sac-chat-name\" title=\"Posted 3 years ago\">guest_8056 : <\/span>  Der Koffer ist bei mir; 24.04.2023<\/li>\n<li class=\"sac-chat-message sac-static sac-user-Hermann\" data-time=\"2023-04-24,15:32:56\">\n<span class=\"sac-chat-name\" title=\"Posted 3 years ago\">Hermann : <\/span>  Der Koffer ist bei mir; 24.04.2023<\/li>\n<li class=\"sac-chat-message sac-static sac-user-Hermann\" data-time=\"2023-05-29,19:03:50\">\n<span class=\"sac-chat-name\" title=\"Posted 2 years, 11 months ago\">Hermann : <\/span>  Der Koffer ist bei mir; 29.05.2023<\/li>\n<li class=\"sac-chat-message sac-static sac-user-Karl\" data-time=\"2023-10-14,19:36:38\">\n<span class=\"sac-chat-name\" title=\"Posted 2 years, 7 months ago\">Karl : <\/span>  Der Koffer ist bei mir<\/li>\n<li class=\"sac-chat-message sac-static sac-user-Hermann\" data-time=\"2023-11-17,22:07:39\">\n<span class=\"sac-chat-name\" title=\"Posted 2 years, 5 months ago\">Hermann : <\/span>  Der Koffer ist bei mir; 11.11.2023<\/li>\n<\/ul>\n<\/div>\t\t\n\t\t<div id=\"sac-panel\">\n\t\t\t<form id=\"sac-form\" method=\"post\" action=\"https:\/\/sch\u00fctzen-boppard.de\/wp-content\/plugins\/simple-ajax-chat\/simple-ajax-chat-core.php\">\n\t\t\t\t\n\t\t\t\t\t\t\t\t\n\t\t\t\t<fieldset id=\"sac-user-info\">\n\t\t\t\t\t<label for=\"sac_name\">Name<\/label> \n\t\t\t\t\t<input type=\"text\" name=\"sac_name\" id=\"sac_name\" value=\"\" placeholder=\"Name\" \/>\n\t\t\t\t<\/fieldset>\n\t\t\t\t\n\t\t\t\t\t\t\t\t\n\t\t\t\t<fieldset id=\"sac-user-chat\">\n\t\t\t\t\t<label for=\"sac_chat\">Message<\/label> \n\t\t\t\t\t\t\t\t\t\t\n\t\t\t\t\t<textarea name=\"sac_chat\" id=\"sac_chat\" rows=\"5\" cols=\"50\"  onkeypress=\"if (typeof pressedEnter == 'function') return pressedEnter(this,event);\" placeholder=\"Message\"><\/textarea>\n\t\t\t\t\t\t\t\t\t\t\n\t\t\t\t<\/fieldset>\n\t\t\t\t\n\t\t\t\t<fieldset id=\"sac_verify\" style=\"display:none;height:0;width:0;\">\n\t\t\t\t\t<label for=\"sac_verify\">Human verification: leave this field empty.<\/label>\n\t\t\t\t\t<input name=\"sac_verify\" type=\"text\" size=\"33\" maxlength=\"99\" value=\"\" \/>\n\t\t\t\t<\/fieldset>\n\t\t\t\t\n\t\t\t\t<div id=\"sac-user-submit\">\n\t\t\t\t\t<div class=\"sac_js_nonce\"><\/div>\n\t\t\t\t\t<input type=\"submit\" id=\"submitchat\" name=\"submit\" class=\"submit\" value=\"Submit\" \/>\n\t\t\t\t\t<input type=\"hidden\" id=\"sac_lastID\" value=\"22\" name=\"sac_lastID\" \/>\n\t\t\t\t\t<input type=\"hidden\" name=\"sac_no_js\" value=\"true\" \/>\n\t\t\t\t\t<input type=\"hidden\" name=\"PHPSESSID\" value=\"639b7764916c21ad2fd7c6a5cc467c72\" \/>\n\t\t\t\t\t<input type=\"hidden\" id=\"sac_nonce\" name=\"sac_nonce\" value=\"5a11212785\" \/>\t\t\t\t\t\n\t\t\t\t<\/div>\n\t\t\t<\/form>\n\t\t\t<script>(function(){var e = document.getElementById(\"sac_verify\");e.parentNode.removeChild(e);})();<\/script>\n\t\t\t<!-- Simple Ajax Chat @ https:\/\/perishablepress.com\/simple-ajax-chat\/ -->\n\t\t<\/div>\n\t\t\n\t\t<\/div><style type=\"text\/css\">div#simple-ajax-chat{width:100%;overflow:hidden;margin:0 0 20px 0;}\r\ndiv#sac-content{display:none;}\r\ndiv#sac-output{float:left;width:58%;height:350px;overflow:auto;border:1px solid #d1d1d1;}\r\ndiv#sac-output.sac-reg-req{float:none;width:100%;height:auto;border:0;}\r\ndiv#sac-latest-message{padding:5px 10px;font-size:14px;background-color:#d1d1d1;text-shadow:1px 1px 1px rgba(255,255,255,0.5);}\r\nul#sac-messages{margin:10px 0;padding:0;font-size:14px;line-height:20px;}\r\nul#sac-messages li{margin:0;padding:4px 10px;}\r\nul#sac-messages li span{font-weight:bold;}\r\ndiv#sac-panel{float:right;width:38%;}\r\nform#sac-form fieldset{margin:0 0 5px 0;padding:0;border:0;}\r\nform#sac-form fieldset label,form#sac-form fieldset input,form#sac-form fieldset textarea{float:left;clear:both;width:94%;margin:0 0 2px 0;font-size:14px;}\r\nform#sac-form fieldset textarea{height:133px;}\r\n.tooltip{border:0;text-shadow:none;}<\/style><\/div>\n\t\t\t\t\t\t<\/div>\n\t\t\t\t<\/div>\n\t\t\t\t\t<\/div>\n\t\t<\/div>\n\t\t\t\t\t<\/div>\n\t\t<\/section>\n\t\t\t\t<\/div>\n\t\t","protected":false},"excerpt":{"rendered":"<p>Chat<\/p>\n","protected":false},"author":1,"featured_media":0,"parent":0,"menu_order":0,"comment_status":"closed","ping_status":"closed","template":"","meta":{"inline_featured_image":false,"site-sidebar-layout":"no-sidebar","site-content-layout":"page-builder","ast-site-content-layout":"default","site-content-style":"default","site-sidebar-style":"default","ast-global-header-display":"","ast-banner-title-visibility":"","ast-main-header-display":"","ast-hfb-above-header-display":"","ast-hfb-below-header-display":"","ast-hfb-mobile-header-display":"","site-post-title":"disabled","ast-breadcrumbs-content":"","ast-featured-img":"disabled","footer-sml-layout":"","ast-disable-related-posts":"","theme-transparent-header-meta":"","adv-header-id-meta":"","stick-header-meta":"","header-above-stick-meta":"","header-main-stick-meta":"","header-below-stick-meta":"","astra-migrate-meta-layouts":"default","ast-page-background-enabled":"default","ast-page-background-meta":{"desktop":{"background-color":"var(--ast-global-color-4)","background-image":"","background-repeat":"repeat","background-position":"center center","background-size":"auto","background-attachment":"scroll","background-type":"","background-media":"","overlay-type":"","overlay-color":"","overlay-opacity":"","overlay-gradient":""},"tablet":{"background-color":"","background-image":"","background-repeat":"repeat","background-position":"center center","background-size":"auto","background-attachment":"scroll","background-type":"","background-media":"","overlay-type":"","overlay-color":"","overlay-opacity":"","overlay-gradient":""},"mobile":{"background-color":"","background-image":"","background-repeat":"repeat","background-position":"center center","background-size":"auto","background-attachment":"scroll","background-type":"","background-media":"","overlay-type":"","overlay-color":"","overlay-opacity":"","overlay-gradient":""}},"ast-content-background-meta":{"desktop":{"background-color":"var(--ast-global-color-5)","background-image":"","background-repeat":"repeat","background-position":"center center","background-size":"auto","background-attachment":"scroll","background-type":"","background-media":"","overlay-type":"","overlay-color":"","overlay-opacity":"","overlay-gradient":""},"tablet":{"background-color":"var(--ast-global-color-5)","background-image":"","background-repeat":"repeat","background-position":"center center","background-size":"auto","background-attachment":"scroll","background-type":"","background-media":"","overlay-type":"","overlay-color":"","overlay-opacity":"","overlay-gradient":""},"mobile":{"background-color":"var(--ast-global-color-5)","background-image":"","background-repeat":"repeat","background-position":"center center","background-size":"auto","background-attachment":"scroll","background-type":"","background-media":"","overlay-type":"","overlay-color":"","overlay-opacity":"","overlay-gradient":""}},"footnotes":""},"class_list":["post-3195","page","type-page","status-publish","hentry"],"_links":{"self":[{"href":"https:\/\/sch\u00fctzen-boppard.de\/index.php?rest_route=\/wp\/v2\/pages\/3195","targetHints":{"allow":["GET"]}}],"collection":[{"href":"https:\/\/sch\u00fctzen-boppard.de\/index.php?rest_route=\/wp\/v2\/pages"}],"about":[{"href":"https:\/\/sch\u00fctzen-boppard.de\/index.php?rest_route=\/wp\/v2\/types\/page"}],"author":[{"embeddable":true,"href":"https:\/\/sch\u00fctzen-boppard.de\/index.php?rest_route=\/wp\/v2\/users\/1"}],"replies":[{"embeddable":true,"href":"https:\/\/sch\u00fctzen-boppard.de\/index.php?rest_route=%2Fwp%2Fv2%2Fcomments&post=3195"}],"version-history":[{"count":5,"href":"https:\/\/sch\u00fctzen-boppard.de\/index.php?rest_route=\/wp\/v2\/pages\/3195\/revisions"}],"predecessor-version":[{"id":4447,"href":"https:\/\/sch\u00fctzen-boppard.de\/index.php?rest_route=\/wp\/v2\/pages\/3195\/revisions\/4447"}],"wp:attachment":[{"href":"https:\/\/sch\u00fctzen-boppard.de\/index.php?rest_route=%2Fwp%2Fv2%2Fmedia&parent=3195"}],"curies":[{"name":"wp","href":"https:\/\/api.w.org\/{rel}","templated":true}]}}